*p**4/24 - p**3/3 - 18*p**2. Calculate w(5).
-2
Let d(z) = -3*z - 10. Let y(b) = b. Let m(v) = -d(v) - 4*y(v). What is m(0)?
10
Let u(w) = w**2 - 7*w + 3. Let y = -8 - -13. Calculate u(y).
-7
Let h(l) be the first derivative of -9*l - 1/2*l**2 - 3. Determine h(-5).
-4
Suppose 4*y + 8 = 8*y. Let d(h) = y*h - h - 5 + 3*h + 3. Suppose -2*r + 2 + 2 = 0. What is d(r)?
6
Let t(k) be the first derivative of k**4/4 + k**3 - k**2/2 + k - 18. Give t(-2).
7
Let z(g) = g**3 + 6*g**2 + 6*g + 7. Let k be z(-5). Let n(v) = 4 - 1 + v**3 + 2*v**2 - v**2 - k - v. Suppose -4 = 3*o + 2. Give n(o).
-1
Let h be (1 + 1)*22/4. Suppose -4*k - 3*y - h = 0, 0 = 2*k - 3*y + 1. Let j(n) = n + 5*n - 3*n. Give j(k).
-6
Suppose 5*p + 11 = 3*k, -3*k + 8 = -4*p - 2. Let z(j) = 2*j + 1. What is z(p)?
-1
Let b(d) = -2*d + 4. Let v be b(4). Let x(l) = -2*l**3 + 2*l**2 + 4*l - 4. Let r(o) = o**3 + o**2 + 1. Let q(z) = -3*r(z) - x(z). Determine q(v).
1
Let v(i) be the second derivative of i**3/6 - 3*i**2/2 + 6*i. What is v(-3)?
-6
Let r(u) = -u**3 + u**2 - u + 6. Let f(v) = 3*v**3 - 3*v**2 + 2*v - 12. Let t(m) = 2*f(m) + 5*r(m). Calculate t(0).
6
Let u(q) = -11*q**2 - 2*q + 5. Suppose 6 = -2*n + 2*t, -3*n = 3*t - 0 + 3. Let d(h) = -5*h**2 - h + 2. Let b(r) = n*u(r) + 5*d(r). Determine b(1).
-4
Let k(w) = -2*w - 3. Let d(j) = -12*j - 9 - 14*j + 21*j. Let b(r) = 2*d(r) - 7*k(r). Determine b(-3).
-9
Let z(k) be the second derivative of -1/6*k**3 + 3*k + 3/2*k**2 + 0. Let y be 2*(-1)/(-4)*6. Give z(y).
0
Let w(k) = k**2 + 4*k + 3. Let i be w(-3). Suppose -5*m + m - 8 = i. Let f(v) = -v**3 - 3*v**2 + v. Calculate f(m).
-6
Suppose 0 = 4*m - 0*m + 12. Let x(w) be the first derivative of w**4/4 + 4*w**3/3 + w**2 - 3*w - 9. Give x(m).
0
Suppose 3*u + 3 + 6 = 0. Let t(f) be the third derivative of -f**5/60 - 5*f**4/24 - f**3/3 - 2*f**2. Calculate t(u).
4
Let c(i) be the second derivative of i**4/12 - i**3/6 - 3*i**2/2 + 14*i. Determine c(4).
9
Let l = -3 - -5. Suppose -7*c + 8 = -3*c. Let a(m) = -c*m**3 + 3*m**3 - 3 + 5 - 3*m. Determine a(l).
4
Let z(q) = 2 - 23*q**2 - 5*q + 50*q**2 - 26*q**2. Let g(v) = v + 8. Let u be g(0). Let y = u - 5. Give z(y).
-4
Suppose a + 4 = 0, 0*y - y + 3*a + 10 = 0. Let r(k) be the first derivative of 2*k**2 + 2*k + 1. Give r(y).
-6
Let b be (1/(-4))/(6/(-120)). Let v(r) be the third derivative of -r**5/60 + r**4/6 + r**3/6 - r**2. Calculate v(b).
-4
Let y(p) = -p**3 - 2*p + 5*p**2 + 6*p - 1 + 3*p. Determine y(6).
5
Let d(k) = k**2 - 3*k - 7. Suppose 0 = -3*w - 2*n - 53, -4*w - 5*n - 65 = -w. Let p = -6 - w. Let z = p - 4. What is d(z)?
3
Let s(x) = x + 1. Let i(t) = t**3 + 3*t**2 - 5*t + 2. Let c(z) = i(z) + 3*s(z). Calculate c(-4).
-3
Let y(p) = -p**3 - 8*p**2 + 2*p + 3. Let o(z) = z**3 - 6*z**2 + 4*z + 8. Let d be o(4). Give y(d).
-13
Let x(t) = -t**3 - 3*t**2 + 2*t + 4. Let m be ((-17)/51)/(2*2/48). Give x(m).
12
Let f(w) = 3*w**2 + 2*w - 4. Let q(j) = -4*j**2 - 2*j + 3. Let o(d) = 2*f(d) + 3*q(d). Let m = -18 - -19. Give o(m).
-7
Let z(x) be the second derivative of x**4/12 + x**3/6 - 5*x**2 - 10*x. Suppose v = -2*v. Give z(v).
-10
Let f(a) be the first derivative of -3*a**5/20 - a**3/6 - 3*a + 2. Let h(k) be the first derivative of f(k). What is h(-1)?
4
Let w = 1 + 4. Suppose -4 = w*l - 4*l. Let f(a) be the second derivative of a**3/6 + a**2 + a. Give f(l).
-2
Let k(q) be the third derivative of q**6/120 - q**5/15 + q**4/8 + 2*q**3/3 - 28*q**2. Determine k(3).
4
Let v = -1547/6 - -259. Let q(g) be the third derivative of 0 + v*g**3 + 2*g**2 + 0*g - 1/24*g**4. What is q(0)?
7
Let p(s) be the third derivative of -s**6/180 + s**5/60 + s**3 - 5*s**2. Let j(q) be the first derivative of p(q). Determine j(3).
-12
Let o(h) = h**3 - 14*h**2 - 3. Let u be o(14). Let w(y) = -y + 3. Give w(u).
6
Let r be 0/(3*4/(-6)). Let k(w) be the second derivative of 1/3*w**3 - 5/12*w**4 + r - 1/2*w**2 - w. Calculate k(1).
-4
Let s(y) = -9*y**3 + y**2 + 23*y - 21. Let m(t) = -4*t**3 + t**2 + 11*t - 10. Let h(b) = 7*m(b) - 3*s(b). Calculate h(5).
8
Let s(f) = -f**2 + f + 1. Suppose -5 = -a - 2. What is s(a)?
-5
Let y(x) = -4*x - 1 - 1 + 3*x**2 - 2*x**2 + 1. Let l = 0 - 3. Let d = l + 6. What is y(d)?
-4
Let s(g) = 3*g**3 + 6 - 4*g**3 - 2*g - 2*g**2 + 7*g**2. Let i be s(5). Let f(l) = l**3 + 6*l**2 + 6*l + 3. Give f(i).
11
Suppose d - 8 = -3*d. Let c be d + 3/(-1 + 4). Let z(f) = -f**2 + 4*f - 2. Calculate z(c).
1
Let t(u) = u**3 - 14*u + 1 + 4*u - 9 - 2 + 7*u**2. Determine t(-8).
6
Let w = 12 - 8. Let m(a) = a - 9. Give m(w).
-5
Let f = -334 - -329. Let l(s) = s - 1. Let j(a) = 2*a - 4. Let i(m) = 2*j(m) - 6*l(m). What is i(f)?
8
Suppose -s - 1 = -3*m + 4*m, -2*m + 2 = s. Let a(c) = 2*c + 3 + 3*c**2 + c**m - 2 + 1. What is a(-3)?
-4
Let x = 1 + 2. Suppose 0*d - 3 = x*d. Let j(v) = -19 - 8*v + 19. Determine j(d).
8
Let u(q) = -q**2 + 8*q - 5. Let n be u(8). Let p(b) = 3*b**3 + 7*b**2 - 2. Let m(w) = 4*w**3 + 10*w**2 - 3. Let t(l) = n*m(l) + 7*p(l). What is t(0)?
1
Suppose 0 = 7*s - 2*s. Let u = s + 3. Let c(t) = 2 - t + 2*t - 4*t + t**2. Determine c(u).
2
Let o(h) = -6*h + 2. Let s(m) = -4*m + 1. Let k be 34/(-6) - 4/(-6). Let i = -6 - -13. Let l(j) = i*s(j) + k*o(j). Calculate l(4).
5
Let d = -8 - -9. Suppose -3*l + 4 + 2 = 0. Let x(o) = 0 + o + 0*o**l + o**2 - 4*o**3 - 1. What is x(d)?
-3
Let j(d) = -d**2 - 5*d + 9. Suppose 0 = -3*g - 4*p - 10, -9 = 4*g + 2*p + 21. Let h = -17 - g. Give j(h).
-5
Suppose 4*l = 5*a + 53, 0*a + 15 = -3*a. Let o(r) = -r + 8. Determine o(l).
1
Suppose 9 + 1 = 5*l. Let u(o) = 4*o**2 + 2. Give u(l).
18
Let x(w) = 2*w**2 + w - w**2 - 6*w + 1. What is x(3)?
-5
Let s = -15 - -9. Let a be 13/5 + (-3)/5. Let z(c) = 10 - 3 + a*c + 0. Give z(s).
-5
Let l(z) be the third derivative of 2*z**2 - 1/6*z**3 - 1/24*z**4 + 0*z + 0. Determine l(1).
-2
Let b(x) = 12*x**2 - 7. Let j = 16 - 22. Let f(m) = 11*m**2 - 6. Let u(k) = j*b(k) + 7*f(k). Give u(1).
5
Let l(c) = c**2 - 6*c - 3. Let m(w) be the third derivative of w**4/24 + w**3/6 + w**2. Let n be m(5). Give l(n).
-3
Let j(s) = s - 1. Let d(c) = 8*c + 4. Let n(q) = -d(q) + 5*j(q). Give n(-6).
9
Let c(b) = -2*b - 10. Let z be c(-7). Let a = z + -3. Let d(p) = -2 - a + 2*p + 0. Give d(3).
3
Let m(j) = 2*j - 2. Let b(v) = 2*v - 6. Let h be b(5). What is m(h)?
6
Let p(f) = f**2. Let g(c) = -3*c**2 - 6*c - 1. Let m(j) = -g(j) - 2*p(j). Suppose -3*z = 2*z + 25. Calculate m(z).
-4
Let w be (0 + -1)/(1/(-13)). Suppose -4*i = -3*p + 16, -w = 5*i - 0*p - 2*p. Let q(c) = -c**2 + 2*c + 0*c**2 + 1 - 3*c**2. Calculate q(i).
-5
Let j(v) = -v**3 + 6*v**2 - v + 7. Let d be j(6). Let i = d - -1. Let z(o) be the second derivative of o**5/20 - o**4/6 + o**2 + 2*o. Give z(i).
2
Let h(q) = -4*q**3 - 4*q. Let l(v) = -3*v**3 - v**2 - 3*v - 1. Let x(k) = 2*h(k) - 3*l(k). Determine x(-4).
-17
Let l(u) = u**2 - 4*u - 1. Let y be l(-3). Suppose -4*d + y = -0. Let r(b) = 2*b - 3. Let x(v) = -v + 1. Let t(k) = -2*r(k) - 5*x(k). Give t(d).
6
Let z = 17 + -19. Let q(f) = f**3 - 2*f**2 - 3*f. Give q(z).
-10
Suppose 0 = c - 5*c + 8. Let f be (1/c)/(1/4). Let m(u) = u**2 + 3 - u**f + 4 - u - u**2. Give m(0).
7
Let p(k) be the second derivative of k**4/12 + k**3/3 - k**2/2 + 28*k. Calculate p(2).
7
Suppose t = -4*n + 12, -3*t - 8 = -5*t. Let v(u) = 4 + 0 + 3*u**2 - n*u**2. Give v(0).
4
Let u(a) be the second derivative of a**4/12 + 7*a**3/6 + 3*a**2/2 - 2*a. What is u(-6)?
-3
Let v(t) = t**3 - 4*t**2 - t - 2. Let a(x) = -2 - 5 - 2*x + 10*x + x**2. Let b be a(-9). Suppose b*s + 3*z = 9 - 1, 4*s = z + 16. Calculate v(s).
-6
Let l(q) = q**2 - q + 1. Let m(v) = -3*v - 2 + 0*v**2 - 7*v + 7*v**2. Let j(o) = -6*l(o) + m(o). Suppose 0 = -6*h + 3*h + 3*f + 6, 5*f = -4*h + 44. Give j(h).
4
Let f(j) = -j - 3. Let o be f(-6). Suppose -o*w + 3 = -18. Let i = w - 2. Let z(u) = -u**2 + 3*u + 2. Give z(i).
-8
Let h(b) = -2*b - 2. Let x be h(2). Let c = x - -2. Let j(i) = -i - 5. What is j(c)?
-1
Let y(w) = -2*w**2 - w. Let g be -1*((2 - 1) + -3). What is y(g)?
-10
Let m(g) = -g**3 - 4*g**2 + 7*g + 5. Let i be m(-5). Let k(x) = x**3 + 4*x**2 - 8*x - 6. Determine k(i).
9
Let o be (-27)/(-18) + 2/4. Let y(i) = 5*i**3 + 9*i**2 - i + 6. Let v(h) = 4*h**3 + 8*h**2 - h + 5. Let g(q) = 6*v(q) - 5*y(q). Calculate g(o).
2
Let d(y) = -2*y + 5*y + 4 - 4*y. Let w(k) = 7*k 